
2, 47
Let i = 8031 + -3235. What are the prime factors of i?
2, 11, 109
Suppose -3*p = -p + 6, 3*m = -p + 6. Suppose -m*q + 2004 = 2*n, 165*n - 169*n + 3*q = -4026. List the prime factors of n.
3, 5, 67
Let b(h) be the second derivative of h**4/6 + 4*h**3 - 5*h**2 - 39*h. Let u be b(-22). Suppose -u = 2*c - 12*c. What are the prime factors of c?
43
Suppose 0 = 3*m + 9, -3*y - 2 - 4 = 5*m. Let b be (-3)/(-3 - ((-33)/6 - -4)). Suppose -c - b*w - 82 = -3*c, -211 = -5*c + y*w. List the prime factors of c.
2, 11
Suppose 5*l = -3*q + 259 - 10, -4*q = l - 43. Let n(c) = -25*c + 2. Let a be n(2). Let u = l + a. List the prime factors of u.
3
Let f be (-8)/(3 - -1) - (-1 - 0). Let b be (f + -2)*(-4)/3. Suppose b*l + 320 = 9*l. What are the prime factors of l?
2
Let f = 93621 - 54172. What are the prime factors of f?
103, 383
Let v(i) = 7*i**2 - 12*i + 46. Let w be v(4). Let j = 259 - w. List the prime factors of j.
149
Suppose -2*t = 2*h - 25014, -10*t = -9*t + 2*h - 12509. What are the prime factors of t?
5, 41, 61
Let w = -43 + 45. Suppose w*h - n - 1439 = 0, -4*n + 9*n + 3605 = 5*h. What are the prime factors of h?
2, 359
Let v(x) = 7*x + 31. Suppose 10 = -2*o - 3*g + 31, 3 = -3*g. Let q be ((-42)/o)/(3/(-6)). What are the prime factors of v(q)?
2, 5
What are the prime factors of 9/((-54)/42) + (0 - 62936/(-8))?
2, 3, 5, 131
Let r(d) = -6*d**2 - 17*d + 156. Let p(n) = -2*n**2 - 5*n + 51. Let v(g) = 11*p(g) - 4*r(g). What are the prime factors of v(16)?
3, 73
Let p = -5 - -3. Let y be 3/(-9)*((-4 - p) + -4). Suppose -6*j + 237 = 5*z - y*j, -2*z + 108 = -5*j. List the prime factors of z.
7
Let s be (3 - 0)/((-9)/(-171)). Let d = s - 33. List the prime factors of (1256/d)/(2/6).
157
Suppose -2*j + x = -90, 6 + 2 = 2*x. Let b = 46 - j. List the prime factors of b/(-8) + 615/8.
7, 11
Suppose -5*m = 5*q + 1260, -772 = 3*m - q - 0*q. Let n = m - -632. List the prime factors of n.
2, 47
Suppose -3*a - 3*p = -1032, -1502 = -5*a + p + 230. Let y = a + -240. List the prime factors of y.
2, 53
Let s(l) = -l**3 + 13*l**2 - 8*l + 25. Let b(w) = -w**2 - w + 1. Let f(q) = -4*b(q) - s(q). Let v be f(8). What are the prime factors of -3*52*(-1)/v?
2, 13
Let c(u) = 4 - 3*u + 2*u + 13. Let j be c(14). Suppose -250 = -4*k + 2*y, j*y + 21 = 6. List the prime factors of k.
2, 3, 5
Suppose 0 = 2*g - 5*g + 9, 0 = 3*j + g + 3603. Let v = j + 1938. What are the prime factors of v?
2, 23
Let o be ((-120)/270)/(4/(-18)). Suppose n + 13*h - 11*h = 192, 0 = -o*n + h + 399. List the prime factors of n.
2, 3, 11
Let a = -10301 - -15814. List the prime factors of a.
37, 149
Let g(d) = -d**2 - 6*d + 3. Let a be g(-7). Let z be (164/(-3))/a*(-5 - -8). Suppose -p = -2*f + 227, 0 = -f + 3*p + 60 + z. What are the prime factors of f?
2, 29
Suppose 5*c + 41 + 15 = 3*w, -w - c = -8. Suppose h = w*h - 6369. List the prime factors of h.
3, 193
Suppose 0 = -31*i + 42*i - 418. Suppose -i*y - 5712 = -46*y. List the prime factors of y.
2, 3, 7, 17
Let j(u) be the second derivative of 22*u**4/3 + u**3/6 + u**2/2 - 15*u. Let y be j(-1). Suppose l - 2*x = y, -5*x = -7*x. What are the prime factors of l?
2, 11
Let h = 25654 - 13601. What are the prime factors of h?
17, 709
Let d be 6/((-12)/(-9) + (-12)/(-18)). Suppose 4*p - 170 = -u, -3*p - d*u = 15 - 138. What are the prime factors of p?
43
Let r be 387/(-2)*140/(-30). Suppose -r = -d - 5*n - 227, -2800 = -4*d + 4*n. What are the prime factors of d?
2, 3, 29
Let a(u) = 7*u - 45. Let v(d) = 16*d - 91. Let l(b) = -5*a(b) + 2*v(b). Let g = -13 - 5. List the prime factors of l(g).
97
Suppose -4 = 3*t - 4*t. Suppose -2*y = 3*b - 0 - 1, 3*y = t*b - 7. Let m(c) = 58*c**2 + 1. List the prime factors of m(b).
59
Let m = 46 - 43. Let r = 20 - m. Let u = 126 - r. What are the prime factors of u?
109
Suppose 691575 = 32*k - 232137. Suppose 8*b = 42*b - k. What are the prime factors of b?
3, 283
Suppose -7*w + 10 + 4 = 0. Suppose -67 = -w*b + 3*h + 1, -109 = -3*b + h. Suppose -b = -7*v + 6*v. List the prime factors of v.
37
Let z(n) = -35*n + 36*n - 5 - 1. Let c be z(8). Suppose -d = -c*d + 97. What are the prime factors of d?
97
Let r(v) = -v**2 - 76*v - 44. Let z = 450 + -463. What are the prime factors of r(z)?
5, 31
Let f = 4374 + -2472. Suppose 0 = -2*x - a + f, -5*a - 3804 = -4*x - 0*a. List the prime factors of x.
3, 317
Suppose 0 = -7*n + 9 + 26. Suppose -4*x = -5*u - 4928, 2*x + 0*x = n*u + 2474. What are the prime factors of x?
3, 409
Suppose 9*r - r - 112 = 0. Let o be (-5 - (-63)/r)/((-1)/50). Let w = 35 - o. List the prime factors of w.
2, 5
Let d be 4 + 6693 + 3*(-3)/9. Suppose -54*s = -42*s - d. What are the prime factors of s?
2, 3, 31
Suppose -5*i - 2*g = -7 - 8, 2*i + g - 5 = 0. What are the prime factors of (-6)/(-25)*i*4530/9?
2, 151
Let u = -179 + 179. Suppose u*l + 2*l = 952. List the prime factors of l.
2, 7, 17
Let r = -6855 + 9923. What are the prime factors of r?
2, 13, 59
Let y = -361 + 356. Let p(k) = 9*k**3 + 8*k**2 - 3*k - 15. Let f(x) = -5*x**3 - 4*x**2 + 2*x + 7. Let d(w) = -7*f(w) - 4*p(w). List the prime factors of d(y).
2, 23
Suppose 4*b = -15*b + 551. Suppose 2542 = b*l - 4012. What are the prime factors of l?
2, 113
Let b = -23768 - -67814. List the prime factors of b.
2, 3, 2447
Suppose 0 = 10*h + 2383 - 9483. List the prime factors of h.
2, 5, 71
What are the prime factors of -10729*(0/1 - -1)/(271 - 272)?
10729
Let p(d) = -d**3 + 4*d**2 + d + 469. List the prime factors of p(-19).
8753
Let x(v) = v**2 + 10*v + 60. Let l be x(-10). What are the prime factors of 3153*(35/l - (-1)/(-4))?
1051
Suppose 19647 = 7*a - 11181. Suppose a + 3870 = 21*k. What are the prime factors of k?
2, 197
Suppose 5*y - 1550 = -w - 321, -2*y = 3*w - 3661. List the prime factors of w.
23, 53
Let g = -1268 + 3092. List the prime factors of g.
2, 3, 19
Let n(c) = -21*c + 7*c**2 - 65 - 53 + 26 + 3*c. List the prime factors of n(16).
2, 353
What are the prime factors of ((-432)/135 - (-1 + -3))/(3/69015)?
2, 43, 107
Let h = -373 - -370. List the prime factors of 7035/75 - 2/(30/h).
2, 47
Suppose 38287 + 164557 = 34*p. List the prime factors of p.
2, 19, 157
What are the prime factors of ((-47)/2)/((-130)/13260)?
3, 17, 47
Let l be (3 + -4)*57/(-3). Let q(f) = -1 - l*f + 13*f**2 + f**3 + 0 - f**2. What are the prime factors of q(-13)?
7, 11
Let r(q) = 201*q + 272. Let x(u) = -4. Let o(p) = -r(p) + 3*x(p). List the prime factors of o(-8).
2, 331
Let h = -147 + 152. Let a(g) = 3*g**3 - 4*g**2 + 14*g - 38. What are the prime factors of a(h)?
307
Suppose 169*i = 166*i - 3*j + 50286, i - 2*j = 16741. What are the prime factors of i?
3, 5, 1117
Let o be (1/(-1))/(6/90*3). Let t be 2/(-8) - 1599/4. What are the prime factors of (24/o)/(24/t)?
2, 5
Let u(p) = p**3 + 7*p**2 - 2*p - 9. Let q be u(-7). Let k(a) = 9*a**2 - 9*a - 419*a**3 + 8 + 210*a**3 + 208*a**3. What are the prime factors of k(q)?
3, 7
What are the prime factors of ((-462721)/77)/((-3)/33)?
66103
Let n = -21618 - -33451. List the prime factors of n.
11833
Suppose 0 = -225*y + 3265144 + 245103 + 4255178. List the prime factors of y.
34513
Suppose 0 = 8*x + 317 + 139. Let h = x - -59. Suppose -y = -h*y + 4*d + 50, 181 = 5*y + 3*d. What are the prime factors of y?
2, 19
List the prime factors of ((-2256)/1316)/((-4)/714 + 0).
2, 3, 17
What are the prime factors of (-3 - -3347)*(48 + -46)?
2, 11, 19
Suppose -3*w = 4*d - 59179 - 35716, -7*d = 4*w - 126540. List the prime factors of w.
103, 307
Suppose 35*h - 2*h = -4*h + 310134. What are the prime factors of h?
2, 3, 11, 127
Let a(t) be the third derivative of -25*t**4/24 + 85*t**3/6 - 2*t**2 - 4. What are the prime factors of a(-35)?
2, 3, 5
List the prime factors of (((-1080)/(-75))/8)/(3/1565).
3, 313
Let g(v) = -7*v - 70. Let l be g(-10). Suppose -2*h + 391 + 377 = l. What are the prime factors of h?
2, 3
Let v = 808 + 1536. Suppose -16*w - v = -20*w. List the prime factors of w.
2, 293
Let r = 5 + 4. Let t(w) = -9 + 2 + r + 74*w + 31. List the prime factors of t(3).
3, 5, 17
Suppose 52*v - 793*v + 51827176 = 4552858. What are the prime factors of v?
2, 3, 7, 31
Let x(c) = 83*c + 19. Let y be x(-17). Let l be (10/(-3))/(8/y). Suppose -16*z + 6*z = -l. What are the prime factors of z?
2, 29
Let z(w) = 2*w**3 - w**2 + 4*w + 8334. What are th